e 0*p - 5 = -p. Suppose p*v + 4*t - 1357 = 0, 2*v + 2*v + m*t = 1085. What are the prime factors of v?
269
Let c = -152 - -155. Suppose -4*h + 64 = 4*a, -2*h + 18 + c = a. What are the prime factors of a?
11
Let m(y) = y**2 - 3*y - 4. Let n be m(-15). Suppose 0*l = 2*l - n. Suppose -17 = -3*i + l. List the prime factors of i.
2, 5
List the prime factors of (-3 - 24)*((-1)/1)/((-138)/(-18538)).
3, 13, 31
Let c(l) = -13*l**3 + 10*l**2 + 12*l + 13. Let b(t) = 2*t**3 - t**2 - t. Let z(x) = 6*b(x) + c(x). List the prime factors of z(-5).
2, 13
Suppose -12369 = -5*j - 4*b, -j - b + 1574 + 900 = 0. Let k = j + -1276. What are the prime factors of k?
3, 7, 19
Suppose -9 = -3*l, -2*d + 2*l + 4 = -0*d. Suppose -5*x + 93 = -h, d = -h + 2. Suppose -4*z + t + 314 = -x, 4*t - 100 = -z. List the prime factors of z.
2, 3, 7
Suppose 0 = -4*y - 0*y - 8, -4*b - 5*y = -1670. Let m = b - 136. List the prime factors of m.
2, 71
Suppose -79 = -3*h + 3*i - 7*i, -3 = -3*i. Let c be 61/(130/h + -5). Suppose -y + 4*y - 307 = 5*b, -3*y + 4*b + c = 0. What are the prime factors of y?
3, 11
Suppose 744*j - 43510 = 734*j. List the prime factors of j.
19, 229
Let a be ((-68)/(-85))/((-2)/(-10)). Let p(l) = -a + 35*l - 7 + 10. List the prime factors of p(2).
3, 23
Let t = -113 + 158. Suppose 5*k + x = -4*x + 55, 3*k - 3*x = t. Suppose k*f = 9*f + 828. List the prime factors of f.
3, 23
Suppose 7*m - 13 = -13. Suppose m = 12*p - 28*p + 13728. List the prime factors of p.
2, 3, 11, 13
Let w = 25191 + -14538. What are the prime factors of w?
3, 53, 67
Suppose 45 = -5*q + 215. Let r = -66 + q. Let c = r - -112. What are the prime factors of c?
2, 5
Let b = -69 + 76. Suppose -25*p = -26*p + b. Suppose n + p = 173. List the prime factors of n.
2, 83
Let f(s) = s**3 + 21*s**2 + 50*s - 31. Let i be f(-18). Suppose -i*q = -40*q - 495. What are the prime factors of q?
3, 5, 11
Suppose 15*l - 27 = 6*l. Suppose 0 = -f - l + 1. What are the prime factors of 97 + 2 - (f - (2 + -1))?
2, 3, 17
Let u(o) = -o**3 - 23*o**2 + 15*o + 1. Suppose 0 = -5*t - 5*q - 10, -t + 4 = 3*t - 2*q. Let z(f) = f**2 - 24. Let h be z(t). What are the prime factors of u(h)?
7, 31
Suppose -3*r - 5*n + 8*n = -30, r = -n. Suppose 266 = -3*f + r*b + 2053, -4*f + 3*b = -2401. List the prime factors of f.
2, 151
Suppose 0 = -24*x - 5936 + 38288. What are the prime factors of x?
2, 337
Let p(r) = -r**2 + 8*r - 1. Let o be p(6). Suppose 3*s - 426 = -3*q, -10*s + o*s - 5*q - 124 = 0. What are the prime factors of s?
139
Let v = -172 - -175. Suppose -3*g + 10 = -g, -3*i + v*g = -1179. List the prime factors of i.
2, 199
Let w(s) = 6*s**2 - 4*s - 103. Let o be (-30)/14 - -2 - (-6630)/595. List the prime factors of w(o).
3, 193
What are the prime factors of 4*7/(-21) + (-390480)/(-18)?
2, 11, 17, 29
Let h be (-18)/(-15) + (-16)/(-20). Suppose 2*y = -5*d + 930, d - 558 = -h*d + 3*y. What are the prime factors of d?
2, 3, 31
Let z = 39750 - 23821. List the prime factors of z.
17, 937
Suppose 4*w = 5*f - f - 156, -5*f = -w - 195. Suppose 33*b - f*b = -3822. List the prime factors of b.
7, 13
Let o = 20068 - 13498. What are the prime factors of o?
2, 3, 5, 73
Let y be ((-5)/(-2))/((-6)/(-4956)). Suppose 5*v = 5*o - y, 5*v + 1091 = 3*o - 140. What are the prime factors of o?
3, 139
Let j = -294 + 297. Suppose 4*t - 2*t - 625 = -n, -j*t + 2515 = 4*n. What are the prime factors of n?
631
Suppose -151 = -5*f + 64. Let n = f - -40. Suppose b - n = -14. List the prime factors of b.
3, 23
Suppose 159*u + 24 = 165*u. What are the prime factors of 4*(-5 + 249/u - 4)?
3, 71
List the prime factors of (-2)/(-16 - -12)*-14*(-1 - 2061).
2, 7, 1031
Let m(g) = 112*g - 209. Let d be m(6). Suppose -279 = -2*v - 3*r + d, 1866 = 5*v + 2*r. List the prime factors of v.
2, 11, 17
Let x(u) = 916*u + 31416. What are the prime factors of x(0)?
2, 3, 7, 11, 17
Let l = 2180 - -8438. List the prime factors of l.
2, 5309
Let f(z) = 6*z**3 + 3*z**2 - 5*z + 3. Let t be f(3). Suppose 0 = y + 37 + t. Let q = y - -446. What are the prime factors of q?
2, 29
Suppose -11576 = -2*l + 5*t, 22*l = 25*l + t - 17398. List the prime factors of l.
2, 13, 223
Let c(u) = -u**2 + 18*u - 13. Suppose -5*k - 2*k + 119 = 0. Let g be c(k). Suppose -d + 62 = f - 49, g*f - 417 = 5*d. List the prime factors of f.
2, 3
Let d(s) = -s**3 - 5*s**2 - 14*s + 3. Suppose -17 = 10*w + 53. List the prime factors of d(w).
199
Let g = -1600 + 15367. What are the prime factors of g?
3, 13, 353
Let p be 2 - (154 + (-6 - -2)). Let i = p + 334. List the prime factors of i.
2, 3, 31
Let x = -12525 - -39540. List the prime factors of x.
3, 5, 1801
Suppose 4*k + 990 = -2*k. Let j be -15*11/(k/144). Suppose 93 = 2*z + 3*h + 22, -4*z - 4*h = -j. What are the prime factors of z?
37
Suppose 5*k - p - 107 = 0, 4*k - 5*p - 52 = 2*k. Suppose -5*o + f + 744 = 0, -k*f = 2*o - 23*f - 304. List the prime factors of o.
2, 37
Suppose m + 9 = -2*p, 4*p - 27*m - 7 = -24*m. What are the prime factors of (5 - 476/(-8))*(-20)/p?
3, 5, 43
Suppose -5*r - 5 = 3*f, 2*f = -0*r - 5*r. Suppose 5*l = l - r*y + 420, 2*l - y = 202. What are the prime factors of l?
103
List the prime factors of (423168/288)/((-1)/(-6)).
2, 19, 29
Let c be 1 - (1 - 10) - 4. Suppose 27 + c = 11*j. Suppose 3*b - 2*g - g = 660, -3*b = j*g - 690. List the prime factors of b.
3, 5
Let o(j) = j**2 + 28. Let w(m) = m. Let n(k) = o(k) - w(k). Let c be n(11). Suppose 3*u + x = -c + 432, x + 102 = u. What are the prime factors of u?
3, 11
Suppose 8*x + 2*x - 4370 = 0. Suppose 4*j = 3*j + 3, 4*a - j = x. List the prime factors of a.
2, 5, 11
Let s(n) = -29*n + 17. Let j be s(6). Let w(t) = t**3 - 6*t**2 - 20*t + 66. Let p be w(9). Let q = p - j. What are the prime factors of q?
2, 11, 13
Let n(g) = -g**2 - 3*g + 18. Let d be n(-6). Suppose d = 19*b - 6*b - 2535. What are the prime factors of b?
3, 5, 13
Let c(u) = 28049*u**2 + 5*u - 5. List the prime factors of c(1).
7, 4007
Let w(p) = -11*p**2 - 29*p + 69. Let d(g) = -3*g**2 - 10*g + 23. Let q(f) = -7*d(f) + 2*w(f). List the prime factors of q(6).
13
Let z(w) be the first derivative of 9*w**2/2 - 68*w + 436. Let f be 3/(-9) + 70/3. List the prime factors of z(f).
139
Suppose 0 = -11*m - 94*m - 1772 - 433. Suppose 43 + 53 = 4*u. What are the prime factors of (m/27)/(4/u)*-57?
2, 7, 19
Let g be (-2)/(2*(6 + -5)). What are the prime factors of (6 + 712 + 8)/(1 - g)?
3, 11
Let d = -11195 + 23647. What are the prime factors of d?
2, 11, 283
Suppose 120 + 44 = -8*n - 52. Let q = 1015 - 713. Let x = q + n. List the prime factors of x.
5, 11
Let y(x) = 11*x - 15. Let t be y(-8). Let q = 191 + t. Suppose -5*m + 233 = 5*w - m, 0 = -2*w + m + q. What are the prime factors of w?
3, 5
What are the prime factors of (-59)/59*(-30172 - -1)?
3, 89, 113
Let o(m) = 5*m**2 + m - 6. Let y(k) = k**2 + 5*k - 3. Let r be (12/14)/((-87)/21 + 4). Let x be y(r). List the prime factors of o(x).
2, 3, 7
Suppose -3*u + 130266 - 15880 = 3287. List the prime factors of u.
29, 1277
Let u = 2523 - -1743. List the prime factors of u.
2, 3, 79
Let l be (-3)/((-596)/118 + 5). Let i = l - 25. What are the prime factors of i?
2, 17
Let a be 0/((-1)/((-10)/(-8))*5). Let z be (0 - 0)/2 + a. Suppose 2*w + w - 312 = z. What are the prime factors of w?
2, 13
Let p(s) = 4*s + 92. Let z be p(-23). Let q(g) = 2*g**2 + g + 606. List the prime factors of q(z).
2, 3, 101
Let o = -60505 + 93475. List the prime factors of o.
2, 3, 5, 7, 157
Let q be ((1160/(-15))/(-8))/((-2)/(-6)). Let z be (20/6)/(4/90). Let x = z + q. List the prime factors of x.
2, 13
Suppose 2*z + 4452 = -2*z. Let c = -276 + 286. List the prime factors of ((-4)/c)/(z/555 - -2).
2, 37
Let g = -28 - -27. Let r = g + 1. Suppose 4*x - 3*x - 14 = r. List the prime factors of x.
2, 7
Let s = 15 + -10. Suppose 5*u - 1500 = 10*z - 6*z, -z + 587 = 2*u. Suppose -s*d + d = -u. What are the prime factors of d?
2, 37
Suppose 3*x - 11*m - 18265 = -13*m, -5*m + 24351 = 4*x. List the prime factors of x.
6089
Let z = -422 - -579. Suppose -z*g = -148*g - 11754. List the prime factors of g.
2, 653
Let f be -2*1 - 16/(-4). Suppose 0*k + 352 = 2*z + 2*k, 3*z - 528 = f*k. Suppose -7*p = -z - 531. What are the prime factors of p?
101
Suppose -51 - 93 = 4*u. Let b = u + 25. What are the prime factors of (-